657 + g. Let q(u) = 2*u**2 + 3*u - 1. Give q(b).
26
Let m(w) = w**3 - 2*w + 1. Suppose 5*g - 28 = 4*g. Let o(k) = 17*k - 111. Let l be o(5). Let x = g + l. Calculate m(x).
5
Suppose 0 = -3*l + l - 18, r - 5*l - 42 = 0. Let z(o) = 20*o - 7. Give z(r).
-67
Let p(n) = 6*n**2 - n + 14. Let h(d) = d**3 - 14*d**2 - 34*d + 33. Let o be h(16). Let t(s) = s**2 - s + 2. Let r(v) = o*p(v) - 5*t(v). What is r(-4)?
4
Let z(a) be the second derivative of a**5/20 - 7*a**4/12 - a**3/6 + 5*a**2/2 - 4138*a. What is z(5)?
-50
Let j be (2 - 2) + 4 + -9 + (-8 - -15). Let m(h) be the second derivative of 1/6*h**3 + 19*h + 1/2*h**j + 0. What is m(-7)?
-6
Let c(k) = -5*k**3 - 7*k**2 + 14*k - 32. Let f(u) = 2*u**3 - u**2 - 5*u - 7. Let w(d) = -c(d) - 2*f(d). Determine w(-10).
-14
Let v(w) = w**3 + 5*w**2 - 2. Let c(k) = -2*k**2 - 40*k - 43. Let g(d) = d**2 - 12*d - 19. Let m be g(12). Let u be c(m). Calculate v(u).
-2
Let g(p) be the first derivative of 0*p**4 + 0*p - 1/24*p**5 + 0*p**2 + 5/3*p**3 - 8. Let i(o) be the third derivative of g(o). What is i(1)?
-5
Let s be (-2068)/396 - (-21)/(-27). Let z(u) = -u**3 - 5*u**2 + 4*u - 25. What is z(s)?
-13
Let m(r) = 3*r + 10326*r**2 - 10325*r**2 + 16*r - 3*r - 1 - 2*r. Determine m(-19).
94
Let w(n) = n**3 - 9*n**2 - 10*n - 10. Suppose -42 = -4*q + 2*h, 4*q + 2*h = 51 - 13. What is w(q)?
-10
Let s(a) = 130*a + 60*a**2 - 66*a**2 + 2*a**3 - 135*a - 7 - a**3. Determine s(7).
7
Let s(f) = -3*f + 4. Let l(a) = 5*a - 9. Let p(q) = 4*l(q) + 7*s(q). Suppose -4*g + 4*m = 44, -6*g - 51 = -g - 4*m. Calculate p(g).
-1
Let a(b) = b**2 - 11*b - 17. Suppose 15*r + 1916 = -3469. Let x = -347 - r. What is a(x)?
-5
Let q(o) = -16*o + 63. Let i(s) = s + 11. Let y(h) = 6*i(h) + q(h). Calculate y(13).
-1
Let t(n) be the third derivative of -n**8/10080 + n**7/2520 + n**6/720 - n**5/30 - n**4/12 + 84*n**2. Let s(y) be the third derivative of t(y). Determine s(-2).
-11
Let i = -692 + 696. Suppose 36 = 3*t + 5*v, t + 13 = 2*t + 2*v. Let o(g) = g + i*g**2 - t + 4*g - 3*g**2. Calculate o(-6).
-1
Let h = -21 + -22. Let l = h + 42. Let w(c) = -25*c + c**2 + 9*c + 8*c + 10*c + 1. Determine w(l).
0
Let y(a) = -3*a - 3. Suppose -u + 0*u = 5*i + 2, -5*i - 71 = -2*u. Let k(g) = u + 15 + 2*g + 9 - 27. Let d be k(-11). What is y(d)?
3
Let i(s) be the first derivative of -s**2 + 1/4*s**4 + 2*s**3 + 26 + 8*s. Calculate i(-7).
-27
Let v be (-1 - 3)/((-4)/(-6)). Let m(f) be the first derivative of 298 - 21 + 0*f**2 + f**2 + 235. Calculate m(v).
-12
Let j = -17 + 12. Let x(p) = -3*p**3 - 34*p**2 - 54*p + 9. Let h(b) = b**3 + 11*b**2 + 17*b - 3. Let q(l) = 19*h(l) + 6*x(l). Give q(j).
2
Let i be (16/(-20))/(5/(-425)). Let w = 74 - i. Let z(n) = n**3 - 7*n**2 + 6*n - 6. Give z(w).
-6
Suppose 4*a - 42 = -22. Suppose 18 = 8*u - a*u. Let i(k) = -4*k**2 + 1 + 79*k - u*k**2 - 77*k. Give i(-1).
-11
Let j(x) be the first derivative of -x**4/24 + 2*x**3 + x**2 + 45*x - 82. Let f(l) be the second derivative of j(l). Calculate f(9).
3
Let o(s) = 4*s**3 - 7*s**2 - 24*s + 13. Let q(x) = -x**3 + 2*x**2 + 6*x - 3. Let h(z) = 2*o(z) + 9*q(z). Let w = 152455 - 152450. What is h(w)?
4
Suppose p + 2*x - 4*x - 8 = 0, 2*x = -5*p - 8. Let v(t) = -t**3 + 8*t**2 - 4*t + 9. Let y be v(7). Suppose p = 8*s - 3*s - y. Let n(r) = -3*r + 4. What is n(s)?
-14
Suppose 0 = -420*v + 596*v - 352. Let f(l) = -5*l**2 + 6*l**2 + l + 0*l + l**3. Determine f(v).
14
Let i be -1 + 5 + 7/(35/(-10)). Suppose -2*t = p + 3, 3*p + i*t = -t - 3. Let o(n) = 4*n**3. What is o(p)?
4
Let d = 11288 + -11298. Let z(i) = i**3 + 11*i**2 + 10*i - 7. Calculate z(d).
-7
Let p(v) = -7*v - 122. Suppose -5*u = -2*h + 59, -198*u = -200*u - 3*h - 54. Give p(u).
-17
Let n(g) = -409 + 8*g**2 + 0*g**2 + g + 2*g**3 - g**2 - 3*g**3 + 420. Determine n(7).
18
Let d(v) be the first derivative of -1/2*v**2 + 15 - 5*v. What is d(-4)?
-1
Let r = -2277 - -2276. Let g(h) be the third derivative of -h**5/12 + h**2. Determine g(r).
-5
Let a(q) = q**2 + 12*q + 27. Let c(l) = 129*l + 4897. Let h be c(-38). Give a(h).
-8
Let p(w) = w**2 + 5*w + 1. Let n be p(5). Let h be 170/n*6/5. Let a(j) = h*j - 3*j**3 + 1381*j**2 - 1388*j**2 + 4*j**3 + 1. Calculate a(6).
-11
Let n = 285 + -276. Suppose 35*m = 26*m - n. Let o(y) = -36*y**2 + 1. Give o(m).
-35
Let i(s) = s**2 - 5*s + 4. Let u(j) = -224*j - 2246. Let c be u(-10). Give i(c).
70
Let h = 8070 + -8073. Let l(t) = t**3 + 2*t**2 - t + 2. Determine l(h).
-4
Let j(n) = -n**2 - 29*n - 36. Let x be (4 - (32 + -5)) + -6 + 2. Calculate j(x).
18
Suppose 2*a + 4*i + i = -10, -3*i = 3*a + 6. Suppose -f - 4*f - 5*q = a, f + 2 = q. Let g(z) = -8*z + 1. Give g(f).
9
Let x(p) = -2*p + 1. Suppose u - 3581 + 3576 = 0. Calculate x(u).
-9
Let x(b) = b**3 - 3*b**2 - 2*b + 4. Let m(q) = 2149*q**2 + 52*q + 53. Let u be m(-1). Suppose -u = 6*p - 2168. Calculate x(p).
-2
Let x(w) be the third derivative of -w**4/3 - 19*w**3 + w**2 - 1302*w. Calculate x(-12).
-18
Let h(t) = -9*t**2 - 38*t**3 + t + 8*t**2 - 1 - 2*t. Let q(p) = -573*p - 1. Let g be q(0). Calculate h(g).
37
Let y(k) = k**3 - 4*k**2 + 2*k - 5. Let w be y(4). Let f be (-142)/1633 - (1782/(-69))/(-2). Let h be ((-24)/2)/w - f. Let x(m) = m - 3. Give x(h).
6
Let f(n) = n**3 + 7*n**2 - 6*n + 11. Suppose -5*z - 25 = 0, -3*o + 130 = -4*z + 44. Let a = o + -28. Let w be ((-16)/a)/((-9)/27). What is f(w)?
-5
Let i(h) be the first derivative of h**4/2 + 35*h**3/3 + 21*h**2/2 + 71*h + 514. Give i(-17).
3
Let r be 16/(-18) - (-33 + (-5525)/(-153)). Let z(b) be the third derivative of -b**4/24 - 5*b**3/6 + b**2. What is z(r)?
-1
Let h(f) = 11*f + 4. Let d be h(-3). Let g = 35 + d. Suppose 3*b + 2*s - g*s + 35 = 0, 5*b = 2*s - 35. Let i(a) = a**2 + 7*a + 1. Determine i(b).
-9
Let j(c) = 3*c + 5*c - 4*c - 1. Let b = 541 + -539. What is j(b)?
7
Let a(l) = 6*l + l + 2*l**2 + 4806 - 4802. Let t(j) = j**2 + 4*j + 3. Let z(r) = -3*a(r) + 5*t(r). What is z(3)?
-9
Let r(m) be the second derivative of m**4/6 - 7*m**3/6 + 3*m**2/2 + 2*m. Suppose 8766 = 29*o + 8621. Determine r(o).
18
Let k(c) = -2 - 5*c - 13*c + 28*c - 12*c. Suppose 4*l + 44 = 2*p, 3*l + 2 = -1. Suppose -4 = 4*g - p. What is k(g)?
-10
Let c(i) = i**2 - 2*i + 2. Let x(s) = s**3 + 10*s**2 + 11*s - 8. Let q be x(-9). Let t = 21 + q. Let g = t + 7. Calculate c(g).
2
Let s(g) = -3*g**2 - 77*g - 151. Let k(d) = 2*d**2 + 51*d + 96. Let u(b) = -8*k(b) - 5*s(b). Calculate u(-22).
9
Suppose 0 = -12*m - 259 - 257. Let k = -41 - m. Let d(p) = -p**2 + 1 + 5 + k. What is d(0)?
8
Suppose -4*k - 21 = -k. Let o(q) be the first derivative of q**3/3 + 9*q**2/2 + 8*q - 321. Calculate o(k).
-6
Let n(i) = -6*i**2 - 9*i - 18. Let s be (-23)/((-184)/(-96)) + 1 - (-35)/5. Give n(s).
-78
Let v(j) be the first derivative of -j**4/4 - 8*j**3/3 - 4*j**2 - 10*j - 2. Let r(b) = 96*b + 1241. Let w be r(-13). Give v(w).
-3
Suppose -2*i - 367 + 371 = 0. Let r(b) = -3*b**i - 3 + 3*b + b**3 - 2*b**3 + 13*b**2 - 5*b**2. Calculate r(5).
12
Let b = 2960 + -5919/2. Let g(p) be the second derivative of 0 + b*p**2 - 38*p + 1/2*p**3. Calculate g(-2).
-5
Let g be 17/442*(3 + 27) + 12/(-78). Let t(d) = 5*d**2 - 8*d + 5. Calculate t(g).
2
Let w(a) be the second derivative of 0*a**2 + 38 + 3*a - 1/3*a**3. What is w(-1)?
2
Let n(b) = 2*b - 11. Let j be n(5). Let r be j/(7 + (-18)/3). Let l(f) be the third derivative of -f**5/12 + f**4/24 + f**3/6 - 4*f**2. What is l(r)?
-5
Let v(k) be the first derivative of k**3/3 - 21*k**2/2 + 84*k - 4824. Give v(16).
4
Suppose -3*w + 0*w = 2*m + 8, 4*w = 5*m - 26. Let c(l) = -2*l + l**m - 72 - 70 + 145 + 7*l. What is c(-8)?
27
Let r(t) = 7*t**3 + 25*t**2 - t - 17. Suppose -19*v + 16*v - 12 = 0. Let l(u) = -3*u**3 - 12*u**2 + u + 8. Let h(s) = v*r(s) - 9*l(s). Give h(7).
10
Let r(h) = 22*h**2 + 1. Let w(x) = 112*x**2 + 37*x + 25. Let s(f) = 5*r(f) - w(f). Calculate s(-17).
31
Let s(q) = 4 - 4 + q**3 + 0*q - q + 7 - 7*q**2. Suppose -5*y = -2*y - 6. Suppose -3*v = 4*t - 33, -3*v - 2*v = -y*t - 29. Calculate s(v).
0
Let m(z) = z**2 - 10*z - 6. Let t = 1434 + -1428. Determine m(t).
-30
Let b(l) be the first derivative of l**5/40 - l**3/6 - 7*l + 1. Let r(g) be the first derivative of b(g). Let j(c) be the second derivative of r(c). Give j(-1).
-3
Let s(y) = -y**2 + 17*y - 4. Let h(k) = 2*k**2 - 13*k + 2. Let b(m) = 4*h(m) + 3*